n 112343 is divided by 28016.
279
What is the remainder when 4571377 is divided by 1572?
1
Calculate the remainder when 3919082 is divided by 115.
112
What is the remainder when 37795317 is divided by 34?
33
Calculate the remainder when 5190621 is divided by 144.
141
What is the remainder when 81880 is divided by 737?
73
Calculate the remainder when 1461379 is divided by 2.
1
Calculate the remainder when 552191 is divided by 277.
130
What is the remainder when 182798 is divided by 220?
198
Calculate the remainder when 352256 is divided by 29269.
1028
What is the remainder when 539682 is divided by 107873?
317
Calculate the remainder when 15353933 is divided by 1919237.
37
Calculate the remainder when 6845834 is divided by 45943.
327
What is the remainder when 261336756 is divided by 674?
670
What is the remainder when 940070 is divided by 8?
6
Calculate the remainder when 25215301 is divided by 1415.
1
Calculate the remainder when 21859 is divided by 6710.
1729
Calculate the remainder when 8462977 is divided by 12.
1
What is the remainder when 5427405 is divided by 1381?
75
Calculate the remainder when 48702133 is divided by 121.
117
Calculate the remainder when 4695 is divided by 2972.
1723
Calculate the remainder when 36089 is divided by 302.
151
Calculate the remainder when 53017 is divided by 5785.
952
Calculate the remainder when 420165981 is divided by 716.
713
Calculate the remainder when 40293 is divided by 19632.
1029
What is the remainder when 2557764801 is divided by 404?
401
What is the remainder when 35256826 is divided by 449?
448
What is the remainder when 15421281 is divided by 1285?
1281
What is the remainder when 140836798 is divided by 7320?
7318
What is the remainder when 34911 is divided by 2904?
63
Calculate the remainder when 3498943 is divided by 297.
283
Calculate the remainder when 11367210 is divided by 1623886.
8
What is the remainder when 2445788 is divided by 2103?
2102
What is the remainder when 1591684 is divided by 473?
39
Calculate the remainder when 5862879 is divided by 404.
31
What is the remainder when 27472916 is divided by 3033?
2
Calculate the remainder when 2613037 is divided by 1688.
13
Calculate the remainder when 111520 is divided by 1104.
16
Calculate the remainder when 160445 is divided by 53421.
182
Calculate the remainder when 19810204 is divided by 1205.
4
What is the remainder when 39455 is divided by 1039?
1012
What is the remainder when 722043 is divided by 1?
0
What is the remainder when 163294 is divided by 28?
26
Calculate the remainder when 18399487 is divided by 22.
7
What is the remainder when 14862472 is divided by 70106?
0
Calculate the remainder when 6501340 is divided by 11.
10
Calculate the remainder when 1159807 is divided by 3352.
15
What is the remainder when 4913801 is divided by 350984?
25
What is the remainder when 935130335 is divided by 11633?
11630
Calculate the remainder when 513336 is divided by 322.
68
Calculate the remainder when 401196239 is divided by 606.
605
Calculate the remainder when 70483 is divided by 17121.
1999
Calculate the remainder when 629255957 is divided by 23.
15
What is the remainder when 260914 is divided by 43463?
136
What is the remainder when 7372517 is divided by 215?
167
Calculate the remainder when 117788 is divided by 39035.
683
What is the remainder when 53939 is divided by 5981?
110
Calculate the remainder when 13036961 is divided by 458.
449
Calculate the remainder when 617561 is divided by 145.
6
What is the remainder when 153003 is divided by 488?
259
Calculate the remainder when 127186951 is divided by 2826.
2821
What is the remainder when 331396 is divided by 311?
181
What is the remainder when 57383392 is divided by 8197627?
3
Calculate the remainder when 18643237 is divided by 71.
57
Calculate the remainder when 602126 is divided by 301017.
92
Calculate the remainder when 311414 is divided by 946.
180
Calculate the remainder when 87686 is divided by 87661.
25
Calculate the remainder when 8668368 is divided by 159.
6
What is the remainder when 22976983 is divided by 13?
3
Calculate the remainder when 12856 is divided by 6422.
12
Calculate the remainder when 460368 is divided by 3806.
3648
What is the remainder when 8631610 is divided by 1726322?
0
What is the remainder when 397443 is divided by 9225?
768
What is the remainder when 291828 is divided by 519?
150
Calculate the remainder when 388838 is divided by 1440.
38
Calculate the remainder when 1107272 is divided by 1173.
1133
What is the remainder when 74595554 is divided by 516?
14
Calculate the remainder when 3084430 is divided by 616882.
20
What is the remainder when 260841 is divided by 211?
45
Calculate the remainder when 5924674 is divided by 2962334.
6
What is the remainder when 2233527 is divided by 446700?
27
What is the remainder when 638515961 is divided by 329?
328
What is the remainder when 4564051 is divided by 2282011?
29
What is the remainder when 63659 is divided by 340?
79
Calculate the remainder when 20403 is divided by 2566.
2441
Calculate the remainder when 1109913 is divided by 369957.
42
Calculate the remainder when 14272669 is divided by 32.
29
Calculate the remainder when 39318 is divided by 2281.
541
What is the remainder when 1650818 is divided by 103176?
2
Calculate the remainder when 7692209 is divided by 1302.
1295
What is the remainder when 377237 is divided by 1640?
37
What is the remainder when 4307571 is divided by 178?
149
What is the remainder when 1801188 is divided by 228?
216
What is the remainder when 11299839 is divided by 305401?
2
What is the remainder when 89876 is divided by 12794?
318
What is the remainder when 182906 is divided by 137?
11
Calculate the remainder when 343030 is divided by 3151.
2722
What is the remainder when 41368 is divided by 20654?
60
What is the remainder when 2007 is divided by 1532?
475
What is the remainder when 158710 is divided by 52702?
604
Calculate the remainder when 5274724 is divided by 1758237.
13
What is the remainder when 648941 is divided by 58993?
18
What is the remainder when 3126437 is divided by 8907?
80
Calculate the remainder when 674208 is divided by 31.
20
Calculate the remainder when 2234088 is divided by 2828.
2796
What is the remainder when 450850 is divided by 450778?
72
What is the remainder when 202656 is divided by 217?
195
What is the remainder when 31656909 is divided by 5276151?
3
What is the remainder when 12639 is divided by 8889?
3750
What is the remainder when 554617 is divided by 287?
133
What is the remainder when 123546237 is divided by 200237?
8
Calculate the remainder when 8712 is divided by 1285.
1002
Calculate the remainder when 272821350 is divided by 7539.
18
Calculate the remainder when 320427 is divided by 35442.
1449
What is the remainder when 570236 is divided by 1927?
1771
What is the remainder when 1356479 is divided by 540?
539
What is the remainder when 2186209 is divided by 364367?
7
Calculate the remainder when 6724852 is divided by 436.
424
Calculate the remainder when 59291823 is divided by 19763932.
27
Calculate the remainder when 581592 is divided by 5091.
1218
Calculate the remainder when 25757 is divided by 286.
17
What is the remainder when 14694980 is divided by 2431?
2016
Calculate the remainder when 531654 is divided by 1611.
24
Calculate the remainder when 38681 is divided by 37557.
1124
Calculate the remainder when 562953 is divided by 187498.
459
What is the remainder when 204925 is divided by 7509?
2182
What is the remainder when 3155947 is divided by 1577769?
409
Calculate the remainder when 127185 is divided by 15697.
1609
What is the remainder when 177482 is divided by 1008?
74
What is the remainder when 77193 is divided by 782?
557
What is the remainder when 19156 is divided by 2076?
472
What is the remainder when 49430762 is divided by 33?
29
What is the remainder when 1228914 is divided by 167?
128
Calculate the remainder when 217573 is divided by 4339.
623
What is the remainder when 11984 is divided by 170?
84
What is the remainder when 4363403 is divided by 437?
395
Calculate the remainder when 147901 is divided by 306.
103
What is the remainder when 799948 is divided by 4275?
523
Calculate the remainder when 2797790735 is divided by